1011122 - 21122111?
-20110212
In base 2, what is 100011000 + 1011101000100001000?
1011101001000100000
In base 6, what is 4452 - 41524?
-33032
In base 14, what is 7d - -ab59d?
ab63c
In base 7, what is -161 - -100264614?
100264423
In base 13, what is -27bb - -827?
-1c94
In base 14, what is -42 + 43505d?
43501b
In base 15, what is d97 - -3a69?
4911
In base 16, what is 551 + 216?
767
In base 12, what is -112277 - -31?
-112246
In base 8, what is -226 + 16043531?
16043303
In base 8, what is 106 - 4747116?
-4747010
In base 15, what is 8751c48 + -4?
8751c44
In base 5, what is -2423020 - -1002?
-2422013
In base 5, what is -200204 + -4113142?
-4313401
In base 4, what is -2 + -211332302103?
-211332302111
In base 5, what is 121340420 + -14034?
121321331
In base 5, what is 10411032 - 4?
10411023
In base 4, what is 203333000333103 - -10?
203333000333113
In base 14, what is 1b7 - -65769?
65942
In base 13, what is -1b1181 - -311?
-1b0b70
In base 15, what is 378a3855 - 1?
378a3854
In base 11, what is -4 + -35299?
-352a2
In base 15, what is dd06 - 1410?
c8e6
In base 12, what is -344 - 126065?
-1263a9
In base 5, what is -24 - -224121021?
224120442
In base 14, what is 233a165 - 2?
233a163
In base 13, what is -5 + -8697aa4?
-8697aa9
In base 6, what is 2 - 242233045?
-242233043
In base 8, what is -1026 - 146437?
-147465
In base 6, what is -1350 - -10015443?
10014053
In base 16, what is 4e9 + 603db?
608c4
In base 7, what is -42 + 240520?
240445
In base 3, what is 22101002020002010 + -10?
22101002020002000
In base 2, what is -10000000101 - 110100001010000?
-110110001010101
In base 8, what is 171716 + -440?
171256
In base 7, what is 16 + -16355444?
-16355425
In base 6, what is 3 + -2231545152?
-2231545145
In base 12, what is 225 + -26474?
-2624b
In base 9, what is -2180815 + -78?
-2181004
In base 15, what is -7 + -12302?
-12309
In base 3, what is -11011121021 + 210002?
-11010211012
In base 10, what is -20380 + -12834?
-33214
In base 15, what is -6c3 - 2ca9?
-347c
In base 3, what is -1 - -12120101210000?
12120101202222
In base 9, what is -6753251 + 6?
-6753244
In base 4, what is 102321 + -3031013?
-2322032
In base 3, what is -100 - -110102111110120?
110102111110020
In base 14, what is 9d9183b - 3?
9d91838
In base 12, what is -25048437 - -1?
-25048436
In base 12, what is -4 + -21a70860?
-21a70864
In base 9, what is -5 - 3061547?
-3061553
In base 10, what is 12 - 1452486?
-1452474
In base 15, what is 5 + -65a5a1?
-65a59b
In base 6, what is -2452353 - -3433?
-2444520
In base 15, what is 2492e74 - 3?
2492e71
In base 8, what is 2170134 + -121?
2170013
In base 16, what is -236d07c + -e?
-236d08a
In base 6, what is 10434435542 + -1?
10434435541
In base 13, what is -10a35 - -164?
-108a1
In base 16, what is 1f43242d + -2?
1f43242b
In base 15, what is -240ae2 - 9?
-240aeb
In base 16, what is aa1 + 131?
bd2
In base 12, what is 7 + -6151b493?
-6151b488
In base 11, what is 1 - 10601828?
-10601827
In base 3, what is -1212022001202 - -102?
-1212022001100
In base 8, what is -15 + -2221603?
-2221620
In base 14, what is -79a22a8 - -9?
-79a229d
In base 15, what is 29e + -63?
23b
In base 16, what is 1 + -3eb740?
-3eb73f
In base 15, what is 612c43a9 + -3?
612c43a6
In base 11, what is -3 - -348675?
348672
In base 6, what is -4 + 255320140?
255320132
In base 13, what is 58848180 + 5?
58848185
In base 4, what is 10201021102 + 2333?
10201030101
In base 13, what is 71 + 14a28c?
14a330
In base 3, what is -11 + 122000212101212?
122000212101201
In base 3, what is 110110020 - 122?
110102121
In base 15, what is 3dac8b82 - -2?
3dac8b84
In base 9, what is -8642 + 867?
-7664
In base 11, what is -1413 + -7223?
-8636
In base 11, what is 8491 - 70?
8421
In base 10, what is 6614857 + -1?
6614856
In base 4, what is -132 - 1011313223?
-1011320021
In base 4, what is 3 + 13200013330?
13200013333
In base 16, what is -874 + -b7c?
-13f0
In base 13, what is 324478 - -31?
3244a9
In base 9, what is 0 + 8487857?
8487857
In base 9, what is 6606725 - -3?
6606728
In base 9, what is -1111 + -1731542?
-1732653
In base 2, what is 1001100 - -111010001011101?
111010010101001
In base 15, what is 2475433 + a?
247543d
In base 14, what is -817b - -1a6?
-7db5
In base 15, what is -40aa4 + 15a?
-40949
In base 3, what is 1 + 10001002112?
10001002120
In base 7, what is -1111366 + 323?
-1111043
In base 3, what is -21002001012022112 - -2?
-21002001012022110
In base 8, what is 3660603 - 154?
3660427
In base 3, what is -202 + -11120100001212?
-11120100002121
In base 9, what is 16041 - -41188?
57240
In base 10, what is -3 + 19317966?
19317963
In base 13, what is 9941229 + -5?
9941224
In base 10, what is -86029 - 566?
-86595
In base 7, what is 144563133 - 55?
144563045
In base 14, what is 1 + -91c55?
-91c54
In base 6, what is 242 + -20412141?
-20411455
In base 7, what is -5113205 + 100?
-5113105
In base 14, what is 55558b + 1b?
5555a8
In base 16, what is -11c + 624b?
612f
In base 2, what is -11 - 11010000001010001010111000?
-11010000001010001010111011
In base 5, what is -2114 + -1132024432?
-1132032101
In base 6, what is -4 - -133155055?
133155051
In base 12, what is -4 - -177859?
177855
In base 3, what is -210212201 - 20?
-210212221
In base 5, what is -240 + 240422431?
240422141
In base 4, what is -210033223 - 1020?
-210100303
In base 12, what is 7bb4b5 - -1b?
7bb514
In base 2, what is -1000100101110011011000111 + -100?
-1000100101110011011001011
In base 15, what is 1e63c6dd - 5?
1e63c6d8
In base 7, what is -115235 - -100?
-115135
In base 13, what is -18 + c35b?
c343
In base 6, what is 441331012 - 40?
441330532
In base 11, what is -5 + -2a18471?
-2a18476
In base 11, what is 1 - -7896544?
7896545
In base 7, what is -3500415 + -4?
-3500422
In base 5, what is 4 - 24111034231?
-24111034222
In base 10, what is 70998 - -1446?
72444
In base 11, what is 2794447 + -1?
2794446
In base 6, what is 4302045 - -2122?
4304211
In base 13, what is 28ab6 - -1155?
29c3b
In base 13, what is 12998 + -125?
12873
In base 5, what is 31341144421 + -3?
31341144413
In base 7, what is -2102 - -1116522?
1114420
In base 2, what is 11000101111001000111100010 + 10001?
11000101111001000111110011
In base 8, what is 6033112042 + 4?
6033112046
In base 15, what is -11370 + 70?
-11300
In base 10, what is 110234 + 488?
110722
In base 12, what is -3098 - -1223?
-1a75
In base 15, what is 1da549db + 0?
1da549db
In base 6, what is -44030 + 32223?
-11403
In base 9, what is 366 + 1261?
1637
In base 5, what is -32 + -41232223?
-41232310
In base 10, what is 114469314 - 3?
114469311
In base 16, what is -123 + -a847?
-a96a
In base 14, what is -100 + -bda65?
-bdb65
In base 2, what is -1111100111 - 101011111000001011?
-101100000111110010
In base 13, what is -81 + 158a1?
15820
In base 4, what is 2 + -31130302022303?
-31130302022301
In base 14, what is -178 + -37c4?
-395c
In base 15, what is 242610b - -2?
242610d
In base 16, what is -bff7104 + 4?
-bff7100
In base 12, what is -2780 - -2213?
-569
In base 4, what is -3 - 131203321002?
-131203321011
In base 3, what is -1210001020121 - -21?
-1210001020100
In base 2, what is 1011 - -10011000101100001011000?
10011000101100001100011
In base 10, what is 174927960 + -5?
174927955
In base 2, what is 1110001100000110001001011 - 10?
1110001100000110001001001
In base 6, what is 5355301 + 215?
5355520
In base 12, what is 11 + 13140587?
13140598
In base 14, what is -13b + 790?
653
In base 10, what is -1990 - 3192?
-5182
In base 8, what is -132 + -24614030?
-24614162
In base 11, what is 1 - 701556a3?
-701556a2
In base 13, what is -89c698 - 76?
-89c741
In base 9, what is 4 - 7384502?
-7384487
In base 13, what is -144 + 18377?
18233
In base 4, what is -110233132000 + -201?
-110233132201
In base 2, what is 1010 + 1010000000000011010010?
1010000000000011011100
In base 3, what is 121021112 - 1221022?
112100020
In base 5, what is -430 - -3311312?
3310332
In base 7, what is 20 - 10243?
-10223
In base 3, what is -1022 - -12201022100?
12201021001
In base 6, what is 22544 - -5523205?
5550153
In base 5, what is -2313 - 1042121?
-1044434
In base 5, what is -21 + -42014402?
-42014423
In base 5, what is 2 + -3324403022?
-3324403020
In base 16, what is -c + 32591?
32585
In base 5, what is 2 - 1124232201?
-1124232144
In base 12, what is -5 - -2041086?
2041081
In base 5